{"id":331,"date":"2025-11-24T16:19:04","date_gmt":"2025-11-24T21:19:04","guid":{"rendered":"https:\/\/sesiac.org.br\/sites\/educacao\/?page_id=331"},"modified":"2025-11-25T10:58:49","modified_gmt":"2025-11-25T15:58:49","slug":"ensino-fundamental-anos-finais","status":"publish","type":"page","link":"https:\/\/sesiac.org.br\/sites\/educacao\/ensino-fundamental-anos-finais\/","title":{"rendered":"ENSINO FUNDAMENTAL ANOS FINAIS"},"content":{"rendered":"\t\t<div data-elementor-type=\"wp-page\" data-elementor-id=\"331\" class=\"elementor elementor-331\" data-elementor-post-type=\"page\">\n\t\t\t\t<div class=\"elementor-element elementor-element-5c5d4720 e-flex e-con-boxed e-con e-parent\" data-id=\"5c5d4720\" data-element_type=\"container\" data-e-type=\"container\" data-settings=\"{&quot;background_background&quot;:&quot;gradient&quot;}\">\n\t\t\t\t\t<div class=\"e-con-inner\">\n\t\t<div class=\"elementor-element elementor-element-2ae3a6cf e-con-full e-flex e-con e-child\" data-id=\"2ae3a6cf\" data-element_type=\"container\" data-e-type=\"container\">\n\t\t\t\t<div class=\"elementor-element elementor-element-5c9912db elementor-widget elementor-widget-heading\" data-id=\"5c9912db\" data-element_type=\"widget\" data-e-type=\"widget\" data-widget_type=\"heading.default\">\n\t\t\t\t\t<h2 class=\"elementor-heading-title elementor-size-default\">Ensino Fundamental <br>Anos Finais<\/h2>\t\t\t\t<\/div>\n\t\t\t\t<div class=\"elementor-element elementor-element-25b24be6 elementor-widget elementor-widget-text-editor\" data-id=\"25b24be6\" data-element_type=\"widget\" data-e-type=\"widget\" data-widget_type=\"text-editor.default\">\n\t\t\t\t\t\t\t\t\tExperi\u00eancias significativas e inovadoras para o desenvolvimento da autoestima e do protagonismo\t\t\t\t\t\t\t\t<\/div>\n\t\t\t\t<div class=\"elementor-element elementor-element-08b686b elementor-widget elementor-widget-text-editor\" data-id=\"08b686b\" data-element_type=\"widget\" data-e-type=\"widget\" data-widget_type=\"text-editor.default\">\n\t\t\t\t\t\t\t\t\t6\u00ba ao 9\u00ba ano\t\t\t\t\t\t\t\t<\/div>\n\t\t\t\t<\/div>\n\t\t<div class=\"elementor-element elementor-element-1ad672e5 e-con-full e-flex e-con e-child\" data-id=\"1ad672e5\" data-element_type=\"container\" data-e-type=\"container\">\n\t\t\t\t<div class=\"elementor-element elementor-element-1e2de979 elementor-invisible elementor-widget elementor-widget-image\" data-id=\"1e2de979\" data-element_type=\"widget\" data-e-type=\"widget\" data-settings=\"{&quot;motion_fx_motion_fx_mouse&quot;:&quot;yes&quot;,&quot;motion_fx_mouseTrack_effect&quot;:&quot;yes&quot;,&quot;motion_fx_mouseTrack_direction&quot;:&quot;negative&quot;,&quot;motion_fx_mouseTrack_speed&quot;:{&quot;unit&quot;:&quot;px&quot;,&quot;size&quot;:1.5,&quot;sizes&quot;:[]},&quot;_animation&quot;:&quot;fadeInLeft&quot;}\" data-widget_type=\"image.default\">\n\t\t\t\t\t\t\t\t\t\t\t\t\t\t\t<img fetchpriority=\"high\" decoding=\"async\" width=\"500\" height=\"393\" src=\"https:\/\/sesiac.org.br\/sites\/educacao\/wp-content\/uploads\/2025\/11\/alunos-com\u00b4putador.png\" class=\"attachment-full size-full wp-image-423\" alt=\"\" srcset=\"https:\/\/sesiac.org.br\/sites\/educacao\/wp-content\/uploads\/2025\/11\/alunos-com\u00b4putador.png 500w, https:\/\/sesiac.org.br\/sites\/educacao\/wp-content\/uploads\/2025\/11\/alunos-com\u00b4putador-300x236.png 300w\" sizes=\"(max-width: 500px) 100vw, 500px\" \/>\t\t\t\t\t\t\t\t\t\t\t\t\t\t\t<\/div>\n\t\t\t\t<\/div>\n\t\t\t\t\t<\/div>\n\t\t\t\t<\/div>\n\t\t<div class=\"elementor-element elementor-element-329ff78 e-flex e-con-boxed e-con e-parent\" data-id=\"329ff78\" data-element_type=\"container\" data-e-type=\"container\">\n\t\t\t\t\t<div class=\"e-con-inner\">\n\t\t\t\t<div class=\"elementor-element elementor-element-6182757f elementor-widget elementor-widget-text-editor\" data-id=\"6182757f\" data-element_type=\"widget\" data-e-type=\"widget\" data-widget_type=\"text-editor.default\">\n\t\t\t\t\t\t\t\t\t<p>Experi\u00eancias significativas e inovadoras para o desenvolvimento da autoestima e do protagonismo<\/p><p>Autonomia e inova\u00e7\u00e3o para preparar os cidad\u00e3os e profissionais do futuro.<\/p><p>Nossa metodologia de ensino para os anos finais do Ensino Fundamental foi desenvolvida, para formar seres pensantes, conscientes e transformadores dos espa\u00e7os que ocupam, com senso cr\u00edtico e autonomia.<\/p><p>Nessa etapa da vida, as crian\u00e7as j\u00e1 est\u00e3o mais maduras, migrando para adolesc\u00eancia e, portanto, precisam ser preparadas com excel\u00eancia para o Ensino M\u00e9dio. Por isso, entendemos que, nesse momento, se faz necess\u00e1rio um ambiente escolar que favore\u00e7a a problematiza\u00e7\u00e3o e o envolvimento ativo do aluno com experi\u00eancias da vida real.<\/p>\t\t\t\t\t\t\t\t<\/div>\n\t\t\t\t\t<\/div>\n\t\t\t\t<\/div>\n\t\t<div class=\"elementor-element elementor-element-4f293794 e-flex e-con-boxed e-con e-parent\" data-id=\"4f293794\" data-element_type=\"container\" data-e-type=\"container\" data-settings=\"{&quot;background_background&quot;:&quot;gradient&quot;}\">\n\t\t\t\t\t<div class=\"e-con-inner\">\n\t\t\t\t\t<\/div>\n\t\t\t\t<\/div>\n\t\t\t\t<\/div>\n\t\t","protected":false},"excerpt":{"rendered":"<p>Ensino Fundamental Anos Finais Experi\u00eancias significativas e inovadoras para o desenvolvimento da autoestima e do protagonismo6\u00ba ao 9\u00ba ano Experi\u00eancias significativas e inovadoras para o desenvolvimento da autoestima e do protagonismo Autonomia e inova\u00e7\u00e3o para preparar os cidad\u00e3os e profissionais do futuro. Nossa metodologia de ensino para os anos finais do Ensino Fundamental foi desenvolvida, [&hellip;]<\/p>\n","protected":false},"author":1,"featured_media":0,"parent":0,"menu_order":0,"comment_status":"closed","ping_status":"closed","template":"elementor_header_footer","meta":{"footnotes":""},"class_list":["post-331","page","type-page","status-publish","hentry"],"_links":{"self":[{"href":"https:\/\/sesiac.org.br\/sites\/educacao\/wp-json\/wp\/v2\/pages\/331","targetHints":{"allow":["GET"]}}],"collection":[{"href":"https:\/\/sesiac.org.br\/sites\/educacao\/wp-json\/wp\/v2\/pages"}],"about":[{"href":"https:\/\/sesiac.org.br\/sites\/educacao\/wp-json\/wp\/v2\/types\/page"}],"author":[{"embeddable":true,"href":"https:\/\/sesiac.org.br\/sites\/educacao\/wp-json\/wp\/v2\/users\/1"}],"replies":[{"embeddable":true,"href":"https:\/\/sesiac.org.br\/sites\/educacao\/wp-json\/wp\/v2\/comments?post=331"}],"version-history":[{"count":13,"href":"https:\/\/sesiac.org.br\/sites\/educacao\/wp-json\/wp\/v2\/pages\/331\/revisions"}],"predecessor-version":[{"id":426,"href":"https:\/\/sesiac.org.br\/sites\/educacao\/wp-json\/wp\/v2\/pages\/331\/revisions\/426"}],"wp:attachment":[{"href":"https:\/\/sesiac.org.br\/sites\/educacao\/wp-json\/wp\/v2\/media?parent=331"}],"curies":[{"name":"wp","href":"https:\/\/api.w.org\/{rel}","templated":true}]}}