{"id":298,"date":"2025-11-24T13:42:30","date_gmt":"2025-11-24T18:42:30","guid":{"rendered":"https:\/\/sesiac.org.br\/sites\/educacao\/?page_id=298"},"modified":"2025-11-26T09:25:28","modified_gmt":"2025-11-26T14:25:28","slug":"ensino-fundamental-anos-iniciais","status":"publish","type":"page","link":"https:\/\/sesiac.org.br\/sites\/educacao\/ensino-fundamental-anos-iniciais\/","title":{"rendered":"ENSINO FUNDAMENTAL ANOS INICIAIS"},"content":{"rendered":"\t\t<div data-elementor-type=\"wp-page\" data-elementor-id=\"298\" class=\"elementor elementor-298\" data-elementor-post-type=\"page\">\n\t\t\t\t<div class=\"elementor-element elementor-element-45e5434e e-flex e-con-boxed e-con e-parent\" data-id=\"45e5434e\" data-element_type=\"container\" data-e-type=\"container\" data-settings=\"{&quot;background_background&quot;:&quot;gradient&quot;}\">\n\t\t\t\t\t<div class=\"e-con-inner\">\n\t\t<div class=\"elementor-element elementor-element-4415aa95 e-con-full e-flex e-con e-child\" data-id=\"4415aa95\" data-element_type=\"container\" data-e-type=\"container\">\n\t\t\t\t<div class=\"elementor-element elementor-element-644461db elementor-widget elementor-widget-heading\" data-id=\"644461db\" data-element_type=\"widget\" data-e-type=\"widget\" data-widget_type=\"heading.default\">\n\t\t\t\t\t<h2 class=\"elementor-heading-title elementor-size-default\">Ensino Fundamental <br>anos iniciais<\/h2>\t\t\t\t<\/div>\n\t\t\t\t<div class=\"elementor-element elementor-element-1b8d380e elementor-widget elementor-widget-text-editor\" data-id=\"1b8d380e\" data-element_type=\"widget\" data-e-type=\"widget\" data-widget_type=\"text-editor.default\">\n\t\t\t\t\t\t\t\t\tDescobrindo o conhecimento por meio de um aprendizado din\u00e2mico e prazeroso\t\t\t\t\t\t\t\t<\/div>\n\t\t\t\t<div class=\"elementor-element elementor-element-cfb404c elementor-widget elementor-widget-text-editor\" data-id=\"cfb404c\" data-element_type=\"widget\" data-e-type=\"widget\" data-widget_type=\"text-editor.default\">\n\t\t\t\t\t\t\t\t\t1\u00ba ano ao 5\u00ba ano<br>\n6\u00ba ano ao 9\u00ba ano\t\t\t\t\t\t\t\t<\/div>\n\t\t\t\t<\/div>\n\t\t<div class=\"elementor-element elementor-element-35f9f025 e-con-full e-flex e-con e-child\" data-id=\"35f9f025\" data-element_type=\"container\" data-e-type=\"container\">\n\t\t\t\t<div class=\"elementor-element elementor-element-1e889ac7 elementor-invisible elementor-widget elementor-widget-image\" data-id=\"1e889ac7\" data-element_type=\"widget\" data-e-type=\"widget\" data-settings=\"{&quot;motion_fx_motion_fx_mouse&quot;:&quot;yes&quot;,&quot;motion_fx_mouseTrack_effect&quot;:&quot;yes&quot;,&quot;motion_fx_mouseTrack_direction&quot;:&quot;negative&quot;,&quot;motion_fx_mouseTrack_speed&quot;:{&quot;unit&quot;:&quot;px&quot;,&quot;size&quot;:1.5,&quot;sizes&quot;:[]},&quot;_animation&quot;:&quot;fadeInLeft&quot;}\" data-widget_type=\"image.default\">\n\t\t\t\t\t\t\t\t\t\t\t\t\t\t\t<img fetchpriority=\"high\" decoding=\"async\" width=\"500\" height=\"435\" src=\"https:\/\/sesiac.org.br\/sites\/educacao\/wp-content\/uploads\/2025\/11\/fundamental-inicio.png\" class=\"attachment-full size-full wp-image-313\" alt=\"\" srcset=\"https:\/\/sesiac.org.br\/sites\/educacao\/wp-content\/uploads\/2025\/11\/fundamental-inicio.png 500w, https:\/\/sesiac.org.br\/sites\/educacao\/wp-content\/uploads\/2025\/11\/fundamental-inicio-300x261.png 300w\" sizes=\"(max-width: 500px) 100vw, 500px\" \/>\t\t\t\t\t\t\t\t\t\t\t\t\t\t\t<\/div>\n\t\t\t\t<\/div>\n\t\t\t\t\t<\/div>\n\t\t\t\t<\/div>\n\t\t<div class=\"elementor-element elementor-element-130cf9a9 e-flex e-con-boxed e-con e-parent\" data-id=\"130cf9a9\" data-element_type=\"container\" data-e-type=\"container\">\n\t\t\t\t\t<div class=\"e-con-inner\">\n\t\t\t\t<div class=\"elementor-element elementor-element-48d257b4 elementor-widget elementor-widget-text-editor\" data-id=\"48d257b4\" data-element_type=\"widget\" data-e-type=\"widget\" data-widget_type=\"text-editor.default\">\n\t\t\t\t\t\t\t\t\t<p>A transforma\u00e7\u00e3o das crian\u00e7as de hoje em adultos curiosos e inventivos.<\/p><p>Nessa etapa da vida, em que as crian\u00e7as ainda est\u00e3o descobrindo o conhecimento, o encantamento e o l\u00fadico s\u00e3o essenciais.<\/p><p>Entendemos que, nessa fase, o desenvolvimento de um modo de pensar aberto e livre \u00e9 ainda mais necess\u00e1rio, pois elas come\u00e7am a apresentar novas formas de pensar e interagir com o mundo.<\/p><p>Por isso, nossos estudantes s\u00e3o constantemente estimulados \u00e0 investiga\u00e7\u00e3o, inven\u00e7\u00e3o e descoberta, por meio de intera\u00e7\u00f5es com o ambiente externo, ao mesmo tempo em que desenvolvem a sua autonomia.<\/p><p>Utilizando esses conceitos, tamb\u00e9m pautamos nossa metodologia no desenvolvimento das habilidades e compet\u00eancias relacionadas \u00e0 escrita, \u00e0 leitura, ao pensamento l\u00f3gico, \u00e0 educa\u00e7\u00e3o sociocultural e, ainda, \u00e0 introdu\u00e7\u00e3o \u00e0 educa\u00e7\u00e3o tecnol\u00f3gica. Dessa forma, preparamos as crian\u00e7as para as diversas situa\u00e7\u00f5es que encontrar\u00e3o no futuro.<\/p>\t\t\t\t\t\t\t\t<\/div>\n\t\t\t\t\t<\/div>\n\t\t\t\t<\/div>\n\t\t<div class=\"elementor-element elementor-element-4c1e3805 e-flex e-con-boxed e-con e-parent\" data-id=\"4c1e3805\" data-element_type=\"container\" data-e-type=\"container\" data-settings=\"{&quot;background_background&quot;:&quot;gradient&quot;}\">\n\t\t\t\t\t<div class=\"e-con-inner\">\n\t\t\t\t\t<\/div>\n\t\t\t\t<\/div>\n\t\t\t\t<\/div>\n\t\t","protected":false},"excerpt":{"rendered":"<p>Ensino Fundamental anos iniciais Descobrindo o conhecimento por meio de um aprendizado din\u00e2mico e prazeroso1\u00ba ano ao 5\u00ba ano 6\u00ba ano ao 9\u00ba ano A transforma\u00e7\u00e3o das crian\u00e7as de hoje em adultos curiosos e inventivos. Nessa etapa da vida, em que as crian\u00e7as ainda est\u00e3o descobrindo o conhecimento, o encantamento e o l\u00fadico s\u00e3o essenciais. [&hellip;]<\/p>\n","protected":false},"author":1,"featured_media":0,"parent":0,"menu_order":0,"comment_status":"closed","ping_status":"closed","template":"elementor_header_footer","meta":{"footnotes":""},"class_list":["post-298","page","type-page","status-publish","hentry"],"_links":{"self":[{"href":"https:\/\/sesiac.org.br\/sites\/educacao\/wp-json\/wp\/v2\/pages\/298","targetHints":{"allow":["GET"]}}],"collection":[{"href":"https:\/\/sesiac.org.br\/sites\/educacao\/wp-json\/wp\/v2\/pages"}],"about":[{"href":"https:\/\/sesiac.org.br\/sites\/educacao\/wp-json\/wp\/v2\/types\/page"}],"author":[{"embeddable":true,"href":"https:\/\/sesiac.org.br\/sites\/educacao\/wp-json\/wp\/v2\/users\/1"}],"replies":[{"embeddable":true,"href":"https:\/\/sesiac.org.br\/sites\/educacao\/wp-json\/wp\/v2\/comments?post=298"}],"version-history":[{"count":19,"href":"https:\/\/sesiac.org.br\/sites\/educacao\/wp-json\/wp\/v2\/pages\/298\/revisions"}],"predecessor-version":[{"id":520,"href":"https:\/\/sesiac.org.br\/sites\/educacao\/wp-json\/wp\/v2\/pages\/298\/revisions\/520"}],"wp:attachment":[{"href":"https:\/\/sesiac.org.br\/sites\/educacao\/wp-json\/wp\/v2\/media?parent=298"}],"curies":[{"name":"wp","href":"https:\/\/api.w.org\/{rel}","templated":true}]}}